{"id":1372,"date":"2023-01-03T14:49:33","date_gmt":"2023-01-03T19:49:33","guid":{"rendered":"https:\/\/nykcc.org\/?page_id=1372"},"modified":"2024-09-12T07:45:34","modified_gmt":"2024-09-12T11:45:34","slug":"cuisine","status":"publish","type":"page","link":"https:\/\/nykcc.org\/oldsite\/cuisine\/","title":{"rendered":"Cuisine"},"content":{"rendered":"\t\t<div data-elementor-type=\"wp-page\" data-elementor-id=\"1372\" class=\"elementor elementor-1372\" data-elementor-post-type=\"page\">\n\t\t\t\t<div class=\"elementor-element elementor-element-97bcd9a e-flex e-con-boxed e-con e-parent\" data-id=\"97bcd9a\" data-element_type=\"container\">\n\t\t\t\t\t<div class=\"e-con-inner\">\n\t\t<div class=\"elementor-element elementor-element-c3cbfbf e-con-full e-flex e-con e-child\" data-id=\"c3cbfbf\" data-element_type=\"container\">\n\t\t\t\t<div class=\"elementor-element elementor-element-95075de elementor-widget elementor-widget-heading\" data-id=\"95075de\" data-element_type=\"widget\" data-widget_type=\"heading.default\">\n\t\t\t\t<div class=\"elementor-widget-container\">\n\t\t\t\t\t<h1 class=\"elementor-heading-title elementor-size-default\">Kurdish Cuisine<\/h1>\t\t\t\t<\/div>\n\t\t\t\t<\/div>\n\t\t\t\t<\/div>\n\t\t\t\t\t<\/div>\n\t\t\t\t<\/div>\n\t\t<div class=\"elementor-element elementor-element-b45b1c1 e-flex e-con-boxed e-con e-parent\" data-id=\"b45b1c1\" data-element_type=\"container\">\n\t\t\t\t\t<div class=\"e-con-inner\">\n\t\t<div class=\"elementor-element elementor-element-db36ffd e-con-full e-flex e-con e-child\" data-id=\"db36ffd\" data-element_type=\"container\">\n\t\t\t\t<div class=\"elementor-element elementor-element-d5fc0d4 elementor-widget elementor-widget-heading\" data-id=\"d5fc0d4\" data-element_type=\"widget\" data-widget_type=\"heading.default\">\n\t\t\t\t<div class=\"elementor-widget-container\">\n\t\t\t\t\t<h2 class=\"elementor-heading-title elementor-size-default\">At NYKCC Events<\/h2>\t\t\t\t<\/div>\n\t\t\t\t<\/div>\n\t\t\t\t<\/div>\n\t\t\t\t\t<\/div>\n\t\t\t\t<\/div>\n\t\t<div class=\"elementor-element elementor-element-5aedbf3 e-flex e-con-boxed e-con e-parent\" data-id=\"5aedbf3\" data-element_type=\"container\">\n\t\t\t\t\t<div class=\"e-con-inner\">\n\t\t<div class=\"elementor-element elementor-element-e829add e-con-full e-flex e-con e-child\" data-id=\"e829add\" data-element_type=\"container\">\n\t\t\t\t<div class=\"elementor-element elementor-element-f8dfaab elementor-widget elementor-widget-image\" data-id=\"f8dfaab\" data-element_type=\"widget\" data-widget_type=\"image.default\">\n\t\t\t\t<div class=\"elementor-widget-container\">\n\t\t\t\t\t\t\t\t\t\t\t\t\t\t\t<img fetchpriority=\"high\" decoding=\"async\" width=\"768\" height=\"1024\" src=\"https:\/\/nykcc.org\/oldsite\/wp-content\/uploads\/2023\/01\/FF6-food-768x1024.jpg\" class=\"attachment-large size-large wp-image-2047\" alt=\"Kurdish Food at 6th Film Festival\" srcset=\"https:\/\/nykcc.org\/oldsite\/wp-content\/uploads\/2023\/01\/FF6-food-768x1024.jpg 768w, https:\/\/nykcc.org\/oldsite\/wp-content\/uploads\/2023\/01\/FF6-food-225x300.jpg 225w, https:\/\/nykcc.org\/oldsite\/wp-content\/uploads\/2023\/01\/FF6-food-1152x1536.jpg 1152w, https:\/\/nykcc.org\/oldsite\/wp-content\/uploads\/2023\/01\/FF6-food.jpg 1200w\" sizes=\"(max-width: 768px) 100vw, 768px\" \/>\t\t\t\t\t\t\t\t\t\t\t\t\t\t\t<\/div>\n\t\t\t\t<\/div>\n\t\t\t\t<\/div>\n\t\t<div class=\"elementor-element elementor-element-2cebb68 e-con-full e-flex e-con e-child\" data-id=\"2cebb68\" data-element_type=\"container\">\n\t\t\t\t<div class=\"elementor-element elementor-element-6895e87 elementor-widget elementor-widget-text-editor\" data-id=\"6895e87\" data-element_type=\"widget\" data-widget_type=\"text-editor.default\">\n\t\t\t\t<div class=\"elementor-widget-container\">\n\t\t\t\t\t\t\t\t\t<p>The down-home Kurdish food we serve at our events is always delicious and plentiful!<\/p>\t\t\t\t\t\t\t\t<\/div>\n\t\t\t\t<\/div>\n\t\t\t\t<\/div>\n\t\t<div class=\"elementor-element elementor-element-051de88 e-con-full e-flex e-con e-child\" data-id=\"051de88\" data-element_type=\"container\">\n\t\t\t\t<div class=\"elementor-element elementor-element-fa21699 elementor-widget elementor-widget-image\" data-id=\"fa21699\" data-element_type=\"widget\" data-widget_type=\"image.default\">\n\t\t\t\t<div class=\"elementor-widget-container\">\n\t\t\t\t\t\t\t\t\t\t\t\t\t\t\t<img decoding=\"async\" width=\"800\" height=\"800\" src=\"https:\/\/nykcc.org\/oldsite\/wp-content\/uploads\/2023\/01\/picnic-food-1024x1024.jpg\" class=\"attachment-large size-large wp-image-2048\" alt=\"Food at 2022 picnic\" srcset=\"https:\/\/nykcc.org\/oldsite\/wp-content\/uploads\/2023\/01\/picnic-food-1024x1024.jpg 1024w, https:\/\/nykcc.org\/oldsite\/wp-content\/uploads\/2023\/01\/picnic-food-300x300.jpg 300w, https:\/\/nykcc.org\/oldsite\/wp-content\/uploads\/2023\/01\/picnic-food-150x150.jpg 150w, https:\/\/nykcc.org\/oldsite\/wp-content\/uploads\/2023\/01\/picnic-food-768x768.jpg 768w, https:\/\/nykcc.org\/oldsite\/wp-content\/uploads\/2023\/01\/picnic-food-1536x1536.jpg 1536w, https:\/\/nykcc.org\/oldsite\/wp-content\/uploads\/2023\/01\/picnic-food.jpg 1600w\" sizes=\"(max-width: 800px) 100vw, 800px\" \/>\t\t\t\t\t\t\t\t\t\t\t\t\t\t\t<\/div>\n\t\t\t\t<\/div>\n\t\t\t\t<\/div>\n\t\t\t\t\t<\/div>\n\t\t\t\t<\/div>\n\t\t<div class=\"elementor-element elementor-element-e5dfecc e-flex e-con-boxed e-con e-parent\" data-id=\"e5dfecc\" data-element_type=\"container\" data-settings=\"{&quot;background_background&quot;:&quot;gradient&quot;}\">\n\t\t\t\t\t<div class=\"e-con-inner\">\n\t\t<div class=\"elementor-element elementor-element-918df41 e-con-full e-flex e-con e-child\" data-id=\"918df41\" data-element_type=\"container\">\n\t\t\t\t<div class=\"elementor-element elementor-element-c76962e elementor-grid-3 elementor-grid-tablet-2 elementor-grid-mobile-1 elementor-posts--thumbnail-top elementor-widget elementor-widget-posts\" data-id=\"c76962e\" data-element_type=\"widget\" data-settings=\"{&quot;classic_columns&quot;:&quot;3&quot;,&quot;classic_columns_tablet&quot;:&quot;2&quot;,&quot;classic_columns_mobile&quot;:&quot;1&quot;,&quot;classic_row_gap&quot;:{&quot;unit&quot;:&quot;px&quot;,&quot;size&quot;:35,&quot;sizes&quot;:[]},&quot;classic_row_gap_tablet&quot;:{&quot;unit&quot;:&quot;px&quot;,&quot;size&quot;:&quot;&quot;,&quot;sizes&quot;:[]},&quot;classic_row_gap_mobile&quot;:{&quot;unit&quot;:&quot;px&quot;,&quot;size&quot;:&quot;&quot;,&quot;sizes&quot;:[]}}\" data-widget_type=\"posts.classic\">\n\t\t\t\t<div class=\"elementor-widget-container\">\n\t\t\t\t\t\t\t<div class=\"elementor-posts-container elementor-posts elementor-posts--skin-classic elementor-grid\" role=\"list\">\n\t\t\t\t<article class=\"elementor-post elementor-grid-item post-8667 post type-post status-publish format-standard has-post-thumbnail hentry category-cuisine\" role=\"listitem\">\n\t\t\t\t<a class=\"elementor-post__thumbnail__link\" href=\"https:\/\/nykcc.org\/oldsite\/pezgeha-filiz-gocucu\/\" tabindex=\"-1\" >\n\t\t\t<div class=\"elementor-post__thumbnail\"><img decoding=\"async\" width=\"300\" height=\"170\" src=\"https:\/\/nykcc.org\/oldsite\/wp-content\/uploads\/2024\/02\/Pezgeha-Filiz-300x170.jpg\" class=\"attachment-medium size-medium wp-image-8666\" alt=\"Filiz Gocucu\" srcset=\"https:\/\/nykcc.org\/oldsite\/wp-content\/uploads\/2024\/02\/Pezgeha-Filiz-300x170.jpg 300w, https:\/\/nykcc.org\/oldsite\/wp-content\/uploads\/2024\/02\/Pezgeha-Filiz-1024x579.jpg 1024w, https:\/\/nykcc.org\/oldsite\/wp-content\/uploads\/2024\/02\/Pezgeha-Filiz-768x434.jpg 768w, https:\/\/nykcc.org\/oldsite\/wp-content\/uploads\/2024\/02\/Pezgeha-Filiz-1536x869.jpg 1536w, https:\/\/nykcc.org\/oldsite\/wp-content\/uploads\/2024\/02\/Pezgeha-Filiz-2048x1158.jpg 2048w\" sizes=\"(max-width: 300px) 100vw, 300px\" \/><\/div>\n\t\t<\/a>\n\t\t\t\t<div class=\"elementor-post__text\">\n\t\t\t\t<h3 class=\"elementor-post__title\">\n\t\t\t<a href=\"https:\/\/nykcc.org\/oldsite\/pezgeha-filiz-gocucu\/\" >\n\t\t\t\tP\u00eazgeha Filiz Go\u00e7ucu\t\t\t<\/a>\n\t\t<\/h3>\n\t\t\t\t<div class=\"elementor-post__meta-data\">\n\t\t\t\t\t<span class=\"elementor-post-date\">\n\t\t\tMarch 27, 2024\t\t<\/span>\n\t\t\t\t<\/div>\n\t\t\t\t<\/div>\n\t\t\t\t<\/article>\n\t\t\t\t<article class=\"elementor-post elementor-grid-item post-8689 post type-post status-publish format-standard has-post-thumbnail hentry category-cuisine\" role=\"listitem\">\n\t\t\t\t<a class=\"elementor-post__thumbnail__link\" href=\"https:\/\/nykcc.org\/oldsite\/filiz-gocucu-makes-sir-babiko\/\" tabindex=\"-1\" >\n\t\t\t<div class=\"elementor-post__thumbnail\"><img loading=\"lazy\" decoding=\"async\" width=\"300\" height=\"169\" src=\"https:\/\/nykcc.org\/oldsite\/wp-content\/uploads\/2024\/02\/Filiz-header-300x169.jpg\" class=\"attachment-medium size-medium wp-image-8688\" alt=\"Filiz Gocucu\" srcset=\"https:\/\/nykcc.org\/oldsite\/wp-content\/uploads\/2024\/02\/Filiz-header-300x169.jpg 300w, https:\/\/nykcc.org\/oldsite\/wp-content\/uploads\/2024\/02\/Filiz-header-1024x576.jpg 1024w, https:\/\/nykcc.org\/oldsite\/wp-content\/uploads\/2024\/02\/Filiz-header-768x432.jpg 768w, https:\/\/nykcc.org\/oldsite\/wp-content\/uploads\/2024\/02\/Filiz-header-1536x864.jpg 1536w, https:\/\/nykcc.org\/oldsite\/wp-content\/uploads\/2024\/02\/Filiz-header.jpg 1920w\" sizes=\"(max-width: 300px) 100vw, 300px\" \/><\/div>\n\t\t<\/a>\n\t\t\t\t<div class=\"elementor-post__text\">\n\t\t\t\t<h3 class=\"elementor-post__title\">\n\t\t\t<a href=\"https:\/\/nykcc.org\/oldsite\/filiz-gocucu-makes-sir-babiko\/\" >\n\t\t\t\tFiliz Gocucu Makes Sir\/Babiko\t\t\t<\/a>\n\t\t<\/h3>\n\t\t\t\t<div class=\"elementor-post__meta-data\">\n\t\t\t\t\t<span class=\"elementor-post-date\">\n\t\t\tMarch 19, 2024\t\t<\/span>\n\t\t\t\t<\/div>\n\t\t\t\t<\/div>\n\t\t\t\t<\/article>\n\t\t\t\t<article class=\"elementor-post elementor-grid-item post-4279 post type-post status-publish format-standard has-post-thumbnail hentry category-book-club category-cuisine\" role=\"listitem\">\n\t\t\t\t<a class=\"elementor-post__thumbnail__link\" href=\"https:\/\/nykcc.org\/oldsite\/my-life-my-food-my-kurdistan-by-chiman-zebari\/\" tabindex=\"-1\" >\n\t\t\t<div class=\"elementor-post__thumbnail\"><img loading=\"lazy\" decoding=\"async\" width=\"300\" height=\"169\" src=\"https:\/\/nykcc.org\/oldsite\/wp-content\/uploads\/2023\/06\/Zebari-header-300x169.jpg\" class=\"attachment-medium size-medium wp-image-4278\" alt=\"Zebari\" srcset=\"https:\/\/nykcc.org\/oldsite\/wp-content\/uploads\/2023\/06\/Zebari-header-300x169.jpg 300w, https:\/\/nykcc.org\/oldsite\/wp-content\/uploads\/2023\/06\/Zebari-header-1024x576.jpg 1024w, https:\/\/nykcc.org\/oldsite\/wp-content\/uploads\/2023\/06\/Zebari-header-768x432.jpg 768w, https:\/\/nykcc.org\/oldsite\/wp-content\/uploads\/2023\/06\/Zebari-header-1536x864.jpg 1536w, https:\/\/nykcc.org\/oldsite\/wp-content\/uploads\/2023\/06\/Zebari-header.jpg 1920w\" sizes=\"(max-width: 300px) 100vw, 300px\" \/><\/div>\n\t\t<\/a>\n\t\t\t\t<div class=\"elementor-post__text\">\n\t\t\t\t<h3 class=\"elementor-post__title\">\n\t\t\t<a href=\"https:\/\/nykcc.org\/oldsite\/my-life-my-food-my-kurdistan-by-chiman-zebari\/\" >\n\t\t\t\t&#8220;My Life, My Food, My Kurdistan&#8221; by Chiman Zebari\t\t\t<\/a>\n\t\t<\/h3>\n\t\t\t\t<div class=\"elementor-post__meta-data\">\n\t\t\t\t\t<span class=\"elementor-post-date\">\n\t\t\tJune 6, 2023\t\t<\/span>\n\t\t\t\t<\/div>\n\t\t\t\t<\/div>\n\t\t\t\t<\/article>\n\t\t\t\t<article class=\"elementor-post elementor-grid-item post-4290 post type-post status-publish format-standard has-post-thumbnail hentry category-cuisine\" role=\"listitem\">\n\t\t\t\t<a class=\"elementor-post__thumbnail__link\" href=\"https:\/\/nykcc.org\/oldsite\/tirsika-balcane-res\/\" tabindex=\"-1\" >\n\t\t\t<div class=\"elementor-post__thumbnail\"><img loading=\"lazy\" decoding=\"async\" width=\"300\" height=\"169\" src=\"https:\/\/nykcc.org\/oldsite\/wp-content\/uploads\/2023\/06\/Tirsika-balcane-res-header-300x169.jpg\" class=\"attachment-medium size-medium wp-image-4292\" alt=\"Tir\u015fika balcan\u00ea re\u015f\" srcset=\"https:\/\/nykcc.org\/oldsite\/wp-content\/uploads\/2023\/06\/Tirsika-balcane-res-header-300x169.jpg 300w, https:\/\/nykcc.org\/oldsite\/wp-content\/uploads\/2023\/06\/Tirsika-balcane-res-header-1024x576.jpg 1024w, https:\/\/nykcc.org\/oldsite\/wp-content\/uploads\/2023\/06\/Tirsika-balcane-res-header-768x432.jpg 768w, https:\/\/nykcc.org\/oldsite\/wp-content\/uploads\/2023\/06\/Tirsika-balcane-res-header-1536x864.jpg 1536w, https:\/\/nykcc.org\/oldsite\/wp-content\/uploads\/2023\/06\/Tirsika-balcane-res-header.jpg 1920w\" sizes=\"(max-width: 300px) 100vw, 300px\" \/><\/div>\n\t\t<\/a>\n\t\t\t\t<div class=\"elementor-post__text\">\n\t\t\t\t<h3 class=\"elementor-post__title\">\n\t\t\t<a href=\"https:\/\/nykcc.org\/oldsite\/tirsika-balcane-res\/\" >\n\t\t\t\tTir\u015fika balcan\u00ea re\u015f\t\t\t<\/a>\n\t\t<\/h3>\n\t\t\t\t<div class=\"elementor-post__meta-data\">\n\t\t\t\t\t<span class=\"elementor-post-date\">\n\t\t\tMarch 6, 2022\t\t<\/span>\n\t\t\t\t<\/div>\n\t\t\t\t<\/div>\n\t\t\t\t<\/article>\n\t\t\t\t<\/div>\n\t\t\n\t\t\t\t\t\t<\/div>\n\t\t\t\t<\/div>\n\t\t\t\t<\/div>\n\t\t\t\t\t<\/div>\n\t\t\t\t<\/div>\n\t\t\t\t<\/div>\n\t\t","protected":false},"excerpt":{"rendered":"<p>Kurdish Cuisine At NYKCC Events The down-home Kurdish food we serve at our events is always delicious and plentiful!<\/p>\n","protected":false},"author":1,"featured_media":0,"parent":0,"menu_order":0,"comment_status":"closed","ping_status":"closed","template":"","meta":{"give_campaign_id":0,"_monsterinsights_skip_tracking":false,"_monsterinsights_sitenote_active":false,"_monsterinsights_sitenote_note":"","_monsterinsights_sitenote_category":0,"footnotes":""},"class_list":["post-1372","page","type-page","status-publish","hentry"],"aioseo_notices":[],"campaignId":"","_links":{"self":[{"href":"https:\/\/nykcc.org\/oldsite\/wp-json\/wp\/v2\/pages\/1372","targetHints":{"allow":["GET"]}}],"collection":[{"href":"https:\/\/nykcc.org\/oldsite\/wp-json\/wp\/v2\/pages"}],"about":[{"href":"https:\/\/nykcc.org\/oldsite\/wp-json\/wp\/v2\/types\/page"}],"author":[{"embeddable":true,"href":"https:\/\/nykcc.org\/oldsite\/wp-json\/wp\/v2\/users\/1"}],"replies":[{"embeddable":true,"href":"https:\/\/nykcc.org\/oldsite\/wp-json\/wp\/v2\/comments?post=1372"}],"version-history":[{"count":20,"href":"https:\/\/nykcc.org\/oldsite\/wp-json\/wp\/v2\/pages\/1372\/revisions"}],"predecessor-version":[{"id":9438,"href":"https:\/\/nykcc.org\/oldsite\/wp-json\/wp\/v2\/pages\/1372\/revisions\/9438"}],"wp:attachment":[{"href":"https:\/\/nykcc.org\/oldsite\/wp-json\/wp\/v2\/media?parent=1372"}],"curies":[{"name":"wp","href":"https:\/\/api.w.org\/{rel}","templated":true}]}}